- 171299. Is t a composite number?
False
Let l = 77 + -75. Let h(t) = 0*t - t**l - 8 - 2*t**3 + 53 - 2*t + 34. Is h(0) composite?
False
Let q(u) = 91*u - 7. Let m(r) = -46*r + 3. Let y(s) = -9*m(s) - 4*q(s). Let f be y(-6). Let b = f - -606. Is b prime?
True
Let v = 118 + -117. Is (-1)/(v/(-10029)*3) a prime number?
True
Suppose -2*c = -10, 4*z + 3*c + 20020 = -c. Suppose 20*g - 9*g - 15570 - 63179 = 0. Let r = g + z. Is r prime?
False
Let a(c) = 3360*c**2 - 295*c - 1169. Is a(-4) a prime number?
False
Let n be -27*((-4414)/3 + 4). Suppose -n = 7*g - 25*g. Is g a composite number?
True
Suppose 7*g - 257 = -61. Suppose g*z + 70 = 35*z. Is 2/(24/(-30))*(-5752)/z a prime number?
False
Let r(w) = -w**3 + w**2 + 2*w - 5. Let t be r(0). Is (((-265705)/(-22))/t)/((-2)/4) a prime number?
True
Suppose -u - g = 1599 + 2098, u + 3*g = -3703. Let a = u - -6597. Is a prime?
True
Let q = -111 + 102. Let x be (((-1740)/q)/(-1))/(1/(-9)). Suppose 7146 + x = 6*o. Is o composite?
False
Suppose -1759*z = -1712*z - 5803513. Is z a prime number?
True
Let n(b) = b**3 + 11*b**2 + b + 13. Let m be n(-11). Let z(w) = 6*w**2 + 7*w**2 - 3 - 4*w**m + w - 6*w. Is z(-3) composite?
True
Suppose -3*q + 19 - 2 = -4*s, 2*q = -2*s + 2. Suppose 0 = m - 2*d - d - q, -3*d = -6. Suppose -m*y + 1719 = -1908. Is y prime?
False
Let f = 3 + 1. Let b be 0/12*(-3 + (-5)/(-2)). Suppose b = -g - 3*i + f*i + 3559, 4*i - 16 = 0. Is g a prime number?
False
Suppose -6 = 2*b, c + 3*b + 3 = -2*c. Suppose -5*v + 7522 = c*d, 2*v = -4*d - 0*d + 15028. Suppose -5*w - 5*m + 2*m = -d, 2268 = 3*w - 3*m. Is w prime?
False
Suppose 5*q + r = 67836, 69*q - 5*r + 13572 = 70*q. Is q a composite number?
False
Let m(j) = -j**2 + 27*j - 70. Let l be m(24). Suppose -3*k + 7 = 4*d + 2, 0 = l*d + 2. Suppose -160 = k*q - 1663. Is q a prime number?
False
Let i(k) be the first derivative of k**2/2 + 2*k + 21. Let f be i(6). Let s(d) = 7*d**3 + 4*d**2 + 7. Is s(f) composite?
False
Suppose -191*q + 86508516 + 14759875 = 0. Is q a composite number?
True
Let l be 9/12 + 277/4. Let b be (1 - -152) + 1 + 1. Suppose -b - l = -9*c. Is c a prime number?
False
Suppose 0 = -5*b + 4*b + 3*r + 12, -4*r - 15 = -b. Suppose -1 - b = -4*y, -5*s = 4*y + 71. Is (-2 - (-7)/3) + (-6190)/s composite?
True
Let q(m) = -13*m**3 - 15*m**3 - 9*m - 13 + 10*m**2 + 29*m**3. Suppose -5*x + 5*n - 42 = -2*x, 0 = 2*x + 5*n + 3. Is q(x) prime?
True
Suppose 0 = -87*o - 62*o + 13186947. Is o a prime number?
False
Suppose 4*d = x - 75327, 0 = d + 2*x - 3*x + 18831. Let a = d - -27293. Is a composite?
False
Suppose 129662 + 210178 = 10*f. Suppose 21461 + f = 5*z. Is z prime?
False
Let s(q) = 3083*q + 679. Is s(32) a prime number?
False
Let x(n) = -11*n**3 - 19*n**2 - 10*n + 25. Let z(r) = r**3 - r**2 - r + 2. Let g(y) = -x(y) + 6*z(y). Is g(6) prime?
False
Let c = 24328 - 2089. Suppose -45*t + 36*t + c = 0. Is t a prime number?
False
Let y(s) = s**2 - s. Let l be y(0). Suppose l*z - 4*z = 0. Suppose z = u + 2*u - 3*x - 3591, -u - x = -1205. Is u a composite number?
False
Suppose 0 = -3*z - 0*z + 5*c + 25, 0 = z - 5*c - 25. Suppose -39653 = -5*h + h - o, z = -2*o + 2. Is h composite?
True
Suppose -788704 = -7*t - 87983. Is t composite?
False
Let f = 172 + -170. Suppose -f*c = 2*c + 2*t - 6636, 6656 = 4*c - 3*t. Is c a prime number?
False
Let l(k) = 49*k**3 - 3*k**2 + 8*k + 6. Let q be l(3). Let p = -11 + 15. Suppose p*u - q = -2*u. Is u a prime number?
False
Let o be (-528)/72*3*-82. Suppose 395*l = 399*l - o. Is l prime?
False
Let j be (18/12)/((-12)/(-16)). Suppose 4*d - 2*b - 33682 = 0, -3*d + 8416 = -j*d + b. Is d a prime number?
True
Suppose 1691701 = 2*h + 3*d, -3*h - 4*d + 468737 = -2068814. Is h a composite number?
False
Suppose 4*o = 75 - 3. Let f = -13 + o. Suppose f*s = 1058 + 177. Is s a prime number?
False
Let w(h) = -19358*h + 977. Is w(-13) a composite number?
True
Let r(j) = 79600*j**2 + 3. Is r(-1) composite?
True
Let s = -95 + 100. Suppose -3*o + 17 = s. Is -4 + o + 1/(-1) - -1836 a composite number?
True
Let b = -22 + 32. Let y be (294/35 - -2)*635. Suppose 0 = 6*l - b*l + y. Is l a composite number?
True
Suppose 0 = 55*p - 256573 - 1766742 - 427870. Is p a composite number?
True
Let b(u) = 3 + 1 + 1 - 31*u**3 + 11*u**3 + 8*u. Let z be b(-3). Let i = 1194 - z. Is i a composite number?
False
Let b be (-614)/(-4)*((15 - 13) + 0). Suppose -3*x + 664 - b = 0. Is x a prime number?
False
Let y be 2/3 - (-22264)/66. Suppose 88 = i - 39. Suppose -i = f - y. Is f a composite number?
False
Let i = -586 + 614. Suppose -i*x + 11716 = 4*a - 24*x, -5*x + 5858 = 2*a. Is a composite?
True
Let i be (450/(-60))/(2/(-2704)). Let k be 0 + i + (-8)/(-4). Suppose -2*r - 4*l + k = 0, -2*r + 10157 = 3*l - 4*l. Is r prime?
True
Suppose -48*q + 28*q - 120 = 0. Suppose 0 = -6*l + 2*l + 544. Let k = l - q. Is k a prime number?
False
Suppose 3*r + 3 = 0, -2*q + 5*r = -61566 - 124533. Is q prime?
True
Let x(b) = -b**3 + 13*b**2 - 210*b + 365. Is x(-66) prime?
True
Let l be 5/(-2)*(-5 - (-7 - -4)). Suppose 0*s - l*s + 2*j + 42542 = 0, -34033 = -4*s + j. Suppose u + s = 5*u. Is u a prime number?
False
Let p(h) = -196*h + 5259. Is p(17) composite?
True
Suppose 8920 = 14*s + 15243 - 139785. Is s a composite number?
False
Is -20*(-20)/400*23531 prime?
True
Let r = 26 + -21. Suppose -r*w + 6*w = 5. Let o(k) = 10*k + 7. Is o(w) prime?
False
Suppose 175*m = 14*m - 24754245 + 139030918. Is m prime?
False
Suppose 4*p + 4*j - 3048832 = 0, -4*p + 548*j + 3048862 = 546*j. Is p a prime number?
False
Suppose -3*v + 4486 - 1599692 = -2*w, 0 = 10*w - 3*v - 7976078. Is w composite?
True
Suppose -48*l - 130 = -38*l. Let z(m) = 96*m**2 - 9*m + 20. Is z(l) a composite number?
False
Let j be 0 + (16/7)/(58/203). Is 13994*3/(j + -2) a prime number?
True
Let h = -291858 + 469237. Is h a composite number?
False
Let w = 770 + -765. Suppose -2*b + 45829 = w*b. Is b composite?
False
Let x(p) = 1555*p - 1016. Is x(61) composite?
True
Suppose 4*i - 1018 = -4*u + 42, -5*u - 2*i + 1340 = 0. Let f = u + -79. Is f a prime number?
True
Suppose -6*i + 78 = 6. Suppose -3*p + i = 0, 3*j - j - 5*p = -40. Is (-2 - j)*3*(-19)/(-12) a prime number?
False
Is -1*(-3)/30 + (-3190036)/(-40) + 6 prime?
True
Suppose 4934545 = 95*i + 721200. Is i composite?
False
Let q = 4673 - -588. Is q a prime number?
True
Suppose 4*c + 33822 = 2*u - 96528, 4*u = -c + 260664. Is u a composite number?
False
Suppose 0 = 4*i - n - 12510, n - 5 + 3 = 0. Let j = 5457 - i. Is j a prime number?
False
Let x be 27*((-6)/(-9))/2. Suppose x*i = 11*i - 158. Is i composite?
False
Let j = 38 + -191. Let v be (j + -7)/(-1*1). Let w = -107 + v. Is w a composite number?
False
Let z(b) = 75*b**2 - 7*b + 5. Let y be z(1). Suppose 67*n + 21642 = y*n. Is n prime?
True
Suppose 58 = -5*l - 2. Let b be 16/l*(-2 - 1684). Let z = -1271 + b. Is z prime?
True
Suppose -8*b - 4*k - 10 = -9*b, 2*k = -4. Suppose 0 = -r - b*r + 11283. Is r composite?
False
Let j(q) = 37*q**2 + 5*q + 16. Let a be j(-9). Suppose -997 - a = -5*k. Let r = k + -414. Is r composite?
False
Let b = 21236 + 30015. Is b a prime number?
False
Let p(h) = h**3 + 6*h**2 + 2*h - 14. Let z be p(-5). Is 49 - -3655 - (z + 0 + -4) a composite number?
True
Suppose -2663175 = 5*f + 4*i - 7814539, 3*i = 2*f - 2060564. Suppose -78*b = -26*b - f. Is b composite?
False
Let i(q) = -q**2 + q - 1. Let o(t) = 41*t + 5. Let x(c) = 3*i(c) + o(c). Let r be x(7). Let u = r - -72. Is u a composite number?
True
Let i(j) = 4*j + 54. Let v be i(-15). Let f(y) = -127*y - 25. Is f(v) composite?
True
Suppose 11*u = 6*u + 420. Let t = 1768 - u. Let b = t + -1055. Is b a composite number?
True
Let j(f) = 4276*f**3 + 14*f**2 - 30*f + 7. Is j(2) a prime number?
True
Let i = 239829 + 186353. Is i a prime number?
False
Let p(c) = c**3 - 11*c**2 - 13*c + 3. Let g = 51 + -49. Let z be (14/g*1)/((-9)/(-18)). Is p(z) a prime number?
True
Let q(b) be the first derivative of b**4/4 + b**3 + 31*b**2/2 + 32*b - 45. Is q(15) a prime number?
True
Let j = -5405 + 10919. Suppose 1196 + j = -10*o. Let x = o - -1600. Is x composite?
False
Let i(z) = z + 13. Let q be i(-8). Suppose -3*u + 14 = -b, -6*b = -q*b - u + 8. Is (0 - -2416) + b + 6 a prime number?
True
Let v be (2/5)/((-4764)/(-2380) - 2). Let n = -151 + v. Is n composite?
